*(-5 - -3). Let x be l + -1 + 4/2. Suppose 3*g + 1616 = x*a, 3*a - 6*g - 1201 = -g. Is a a prime number?
False
Is -149*(-2648)/16 - (-3 + 28/8) composite?
False
Suppose 5 = -2*t - 2*t + 5*l, -t = l - 1. Suppose -2*y + p + 4112 - 766 = t, y + 5*p = 1651. Is y prime?
False
Let f(k) = -37*k**3 + 3*k**2 + 36*k - 95. Is f(-9) a prime number?
False
Let q(x) = -x**3 - 7*x**2 + 10*x + 21. Let h be q(-8). Is (-1)/(h - 2512/502) prime?
True
Let s(n) = -2*n - 11. Let i(p) = -6*p**3 - 3*p + 2. Let o be i(1). Let x be s(o). Suppose 0 = -x*r + 662 + 676. Is r a prime number?
False
Let k(f) = -f + 18. Let p be k(8). Let r be (3/(-9))/(1 + p/(-12)). Let n(w) = -558*w - 1. Is n(r) prime?
False
Suppose 2*s + 2*n = 4, 4*n - 8 = -2*s + 6*n. Suppose -5*b = 3*h - 5360, 5*b - 2153 = 3*b - s*h. Is b a prime number?
True
Let t(j) = -j**2 - 38*j + 3. Let b be t(-38). Suppose 5*v - 66452 = b*r, -4*v = -0*v - 5*r - 53159. Is v composite?
False
Let v(g) = -442*g + 3. Let z be v(10). Is z/(-9) - (-74)/333 a composite number?
False
Suppose 32 = -h + 5*m, 17*m - 10 = 5*h + 22*m. Let s(i) = 45*i**2 - 8*i - 52. Is s(h) composite?
True
Suppose -16*f = -7*f - 81450. Let x = -6111 + f. Is x composite?
False
Let g = -1411870 + 2213817. Is g prime?
True
Let b = 3 + 0. Suppose 0 = -b*x + 9 + 12. Suppose 0 = -5*v - 2*a + x*a + 1755, 0 = -5*v - a + 1731. Is v a prime number?
True
Let x = 33299 + 314850. Is x a prime number?
True
Suppose 4*d - 12 = 3*f + f, d = -5*f - 3. Suppose -4*h - 7030 = -d*w, 6*w - 3521 = 5*w + 5*h. Is w a composite number?
False
Is -1 + 69/63 + (-22)/((-13398)/610973711) composite?
False
Let l(m) = 20*m**2 + 7*m + 7. Suppose -10*i = -5*i + 3*b - 42, 28 = 4*i + b. Is l(i) a prime number?
True
Let h(a) = a**3 + 23*a**2 + 16*a - 78. Let k be h(-24). Let c = -331 - k. Is c a prime number?
False
Let b(i) = i**2 + i - 6. Let w be b(-4). Suppose -3*q = 5*x - 822, -w*q + 5*q = 4*x - 281. Let j = q + -158. Is j prime?
False
Let j = 58 + -73. Is -3 - 43/j - 51994/(-30) composite?
False
Let s be (3/(-1))/((-15)/10). Suppose -4*a + 5*q + 2027 = 0, 0*a - s*q + 1000 = 2*a. Let k = -268 + a. Is k a prime number?
False
Suppose 0 = 4*u + 2*c - 65202, 46*u - 48905 = 43*u + 2*c. Is u a prime number?
True
Suppose 0 = -4*r - 5*q + 587204, -358*r + 356*r - 3*q = -293602. Is r prime?
True
Suppose -198*v - 40566952 = -686*v. Is v prime?
False
Suppose -4*c = 3*f + c - 12, 0 = -2*f - 4*c + 8. Suppose 3*w = -f*s + 18150 + 2533, 2*w - 20678 = -4*s. Is s a prime number?
True
Let c = -298 - -573. Is 75/c + (-806360)/(-22) prime?
True
Let r = 439 + -439. Suppose -3*s + 7382 = 5*g, 2462 = s + 3*g - r*g. Is s composite?
False
Let x = 1467 + 38074. Is x prime?
True
Let u(n) = 40*n**2 + 24*n - 93. Let b(c) = 20*c**2 + 13*c - 47. Let k(z) = -7*b(z) + 4*u(z). Is k(-22) a composite number?
True
Is (-1123204)/(-10) + (-78)/260*-2 prime?
False
Let m = 1510 + 643. Is m composite?
False
Suppose t + b = -3*b + 1077, -3*t - 5*b = -3266. Let v = 3388 - t. Is v composite?
True
Is (3 + -6)*(2/9 - (-5289194)/(-522)) composite?
True
Let d = -1871 - -3255. Let h be -1 - 9/((-9)/d). Suppose b = 2*v - h + 90, 3*b + 3232 = 5*v. Is v prime?
True
Let z = 312977 + -172666. Is z prime?
False
Let t = 16796 - 9412. Suppose 3*l - 3 = 0, -4*z - 7*l = -11*l - t. Is z prime?
True
Let w = -18254 - -27097. Is w prime?
False
Let f(b) = -103*b + 19. Let n be (-194)/(-10) - 33/(-55). Suppose m + 4 = -5*o, 0*o - n = 5*m + o. Is f(m) prime?
True
Let y be (0/3)/4 + 2. Let s(n) = -3 + 35*n**2 + 62*n**2 + 16 + 71*n**y. Is s(-4) prime?
False
Suppose 308*v - 311*v = -53439. Let y = v - 9550. Is y a prime number?
True
Let t(y) = -53*y - 6. Let q(x) = 8850*x + 1003. Let j(n) = 6*q(n) + 1003*t(n). Let c(z) = 6*z + 137. Let d be c(-23). Is j(d) prime?
True
Let o be 1 - (-9 - -12)*(-4)/6. Let n(d) = 273*d**2 - 18*d + 4. Is n(o) composite?
True
Let k be 1/2 - 2194/(-4). Suppose -6*v - 1647 = -3*m - 2*v, 3*v + k = m. Suppose -2*w = -8167 + m. Is w a composite number?
True
Suppose -4*w = -12*w + 179784. Let k be w/8 + 2/(-16). Suppose 2390 = 3*l - k. Is l a prime number?
True
Suppose 1582*s - 1535*s - 15597937 = 0. Is s a prime number?
True
Let k(v) be the first derivative of 1483*v**3/3 - 5*v**2/2 + 16*v + 211. Is k(2) prime?
False
Suppose 5*n = 20, 2*p + 4*n - 59755 = -p. Is p composite?
False
Let y = -220 + -400. Let p be y/6*(-21)/14. Suppose -112 - p = -3*o. Is o composite?
False
Let r(l) = -9*l**2 + l + 4. Let b be r(2). Let u be 2/(-3) + 2/(b/65). Is u*1532/(-80)*2*22 a prime number?
False
Let w(u) = -27*u**3 + 7*u**2 - 3*u - 24. Let t(p) = p**3 - p. Let h(f) = 4*t(f) - w(f). Is h(5) prime?
True
Suppose -4*w = 3*h + 22, -2*h - 2*w - 4 = -4*h. Suppose 3*c - 1973 = 259. Is c/3 - (h - 1) composite?
False
Is (1324/(-20))/((51/(-204))/(1915/4)) prime?
False
Suppose z = -7 + 9. Suppose z*g = 4*h - 6, 3*h - 2*g - 10 = -6*g. Is 12/h*(-4994)/(-66) a composite number?
True
Let h be -1 - (543768/(-28) - 8/(-28)). Suppose -5*d + h = -32216. Is d a prime number?
False
Let i = 689 - 686. Suppose r - 2856 = i*s, 21*r - 19*r = 3*s + 5715. Is r a composite number?
True
Let q be (1 - (-7 - -6)) + (-2 - -38257). Suppose 6*w = 98803 - q. Is w a prime number?
True
Suppose -12 = -2*r + 4*h, -5*r + 12 = 4*h - 8*h. Suppose -11*b + 6*b = 15, r = x + b - 692. Let q = 1357 - x. Is q composite?
True
Suppose -4*u + 114118 = 2*m, 4*m + 0*u = -2*u + 228236. Is m prime?
True
Suppose 4*z - 164 + 0 = 0. Let m = z - -49. Suppose -m = -2*w + 76. Is w a prime number?
True
Let m(s) be the third derivative of 11*s**5/12 - s**4/12 + s**3/3 + 4*s**2. Let q be m(1). Is 46840/22 - 5/q composite?
False
Suppose 8*f - 6*f = 3*c - 99151, 2*f = -3*c + 99143. Is c a composite number?
False
Let h(s) = -3*s**3 - 6*s**2 - 3*s - 21. Let i(d) be the second derivative of -d**4/12 + 2*d**3/3 - 5*d**2/2 + 8*d. Let x be i(0). Is h(x) a prime number?
False
Let q(b) = 20*b**3 + b**2 - b - 8. Let h be q(4). Let k = h + -551. Let g = 1564 - k. Is g composite?
True
Let b(x) = -2*x + 1 - 8*x**3 - 2*x + x**2 - 3*x**3 + 8*x**3. Is b(-9) composite?
True
Is 153410 - (4 + 9) - -10 a composite number?
False
Suppose 15*a - 756 = -6*a. Suppose 4 = 5*t + 14, 5*t = 2*p + 76. Let z = a - p. Is z prime?
True
Let y = -186463 + 1120302. Is y prime?
True
Let n be (4668/16)/(2/48). Let f = n - 10286. Is (-2 - -4)/(2 - f/(-1643)) composite?
True
Is (-5865465)/(-10)*(-48)/64*48/(-54) composite?
False
Let m(q) = q**3 - 8*q**2 + 10*q + 2. Let r be m(5). Let h(o) = -11*o + 6*o**2 - 4*o**2 + 42*o + 16. Is h(r) prime?
False
Let b = -882 - -888. Suppose b*m - 27558 = -8904. Is m a composite number?
False
Let t(n) = 3*n**3 - 17*n**2 - 9*n + 14. Let x(r) = 4*r**3 - 18*r**2 - 11*r + 13. Let o(l) = -3*t(l) + 2*x(l). Is o(15) prime?
True
Suppose 7*j + j = 464. Suppose 268895 = 69*z - j*z. Is z a prime number?
False
Let n(o) = o**3 - 16*o**2 + 16*o - 5. Let k be n(15). Suppose k*a = 9*a + 3. Is (-1655)/((2 + -2 - a) + 2) a composite number?
True
Suppose -14*k + 8680074 = -12835252. Is k a prime number?
True
Let g = -10752 - -253069. Is g a prime number?
False
Let j(i) = 2*i**3 - 239*i**2 - 20*i - 215. Is j(126) composite?
False
Let t be ((-6)/8)/(28/(-448)). Is ((-23678)/t + (-14)/(-84))/(-1) a composite number?
False
Let t = 71515 - -32404. Is t a prime number?
True
Suppose 3*v + 603 = -2*m, -4*v = -3*m + 2*m + 804. Let a = 7612 + v. Is a composite?
False
Let c(z) = -890*z + 2. Let v be (-4)/(-10) + ((-144)/10)/6. Let f be c(v). Suppose -2161 = -k + f. Is k composite?
False
Suppose -92*g - 225408 = -2*a - 94*g, -5*a - 2*g = -563523. Is a composite?
True
Let z(t) = 12974*t**3 + 5*t**2 + t - 17. Is z(3) a prime number?
False
Suppose 130*s - 128*s - 24868 = -c, 3*s - 37293 = -3*c. Is s a prime number?
True
Is 22093 - (((-280)/42)/(-20))/(1/(-3)) a prime number?
False
Is -1*3261/((-21)/7) composite?
False
Is ((-1)/((-20)/227096))/(-4 - 186/(-45)) composite?
True
Let v = -3964 - -2058. Let k = v - -2709. Let t = 152 + k. Is t a composite number?
True
Let o(d) = 119*d**2 + 75*d - 339. Is o(35) a composite number?
False
Suppose 50084 = y - 2*k, -5*k - 145880 - 204663 = -7*y. Is y composite?
True
Let y(u) = -25*u**2 + 9*u. Let s(b) = 12*b**2 - 4*b. Let n(w) = -5*s(w) - 2*y(w). Let p be n(-2). Let z = -13 - p. Is z composite?
False